.
175
Calculate the remainder when 116 is divided by 20.
16
What is the remainder when 71 is divided by 18?
17
Calculate the remainder when 310 is divided by 24.
22
Calculate the remainder when 732 is divided by 9.
3
Calculate the remainder when 55 is divided by 9.
1
Calculate the remainder when 12285 is divided by 11.
9
What is the remainder when 11729 is divided by 69?
68
Calculate the remainder when 666 is divided by 134.
130
What is the remainder when 407 is divided by 46?
39
Calculate the remainder when 190 is divided by 64.
62
Calculate the remainder when 519 is divided by 75.
69
What is the remainder when 119 is divided by 1?
0
Calculate the remainder when 257 is divided by 29.
25
Calculate the remainder when 35 is divided by 3.
2
What is the remainder when 134 is divided by 29?
18
Calculate the remainder when 46 is divided by 8.
6
Calculate the remainder when 106 is divided by 46.
14
Calculate the remainder when 84 is divided by 41.
2
What is the remainder when 230 is divided by 63?
41
What is the remainder when 86 is divided by 22?
20
Calculate the remainder when 269 is divided by 23.
16
What is the remainder when 10426 is divided by 237?
235
Calculate the remainder when 451 is divided by 17.
9
What is the remainder when 2036 is divided by 170?
166
What is the remainder when 43 is divided by 23?
20
What is the remainder when 211 is divided by 44?
35
What is the remainder when 6370 is divided by 60?
10
Calculate the remainder when 650 is divided by 531.
119
Calculate the remainder when 306 is divided by 78.
72
Calculate the remainder when 2298 is divided by 50.
48
What is the remainder when 2336 is divided by 60?
56
What is the remainder when 143 is divided by 49?
45
Calculate the remainder when 106 is divided by 37.
32
What is the remainder when 15516 is divided by 263?
262
What is the remainder when 160 is divided by 9?
7
What is the remainder when 264 is divided by 83?
15
Calculate the remainder when 2291 is divided by 17.
13
What is the remainder when 87 is divided by 8?
7
Calculate the remainder when 436 is divided by 150.
136
Calculate the remainder when 9178 is divided by 67.
66
Calculate the remainder when 1469 is divided by 30.
29
Calculate the remainder when 35 is divided by 9.
8
What is the remainder when 122 is divided by 119?
3
Calculate the remainder when 661 is divided by 163.
9
What is the remainder when 178 is divided by 45?
43
Calculate the remainder when 131 is divided by 38.
17
What is the remainder when 381 is divided by 96?
93
What is the remainder when 5 is divided by 2?
1
What is the remainder when 203 is divided by 17?
16
Calculate the remainder when 251 is divided by 17.
13
What is the remainder when 27271 is divided by 14?
13
Calculate the remainder when 225 is divided by 21.
15
What is the remainder when 102 is divided by 15?
12
What is the remainder when 3712 is divided by 47?
46
Calculate the remainder when 37694 is divided by 31.
29
What is the remainder when 81 is divided by 16?
1
Calculate the remainder when 195 is divided by 25.
20
Calculate the remainder when 2120 is divided by 177.
173
What is the remainder when 317 is divided by 30?
17
Calculate the remainder when 73 is divided by 37.
36
What is the remainder when 1546 is divided by 68?
50
Calculate the remainder when 2774 is divided by 75.
74
What is the remainder when 496 is divided by 39?
28
What is the remainder when 734 is divided by 46?
44
What is the remainder when 1029 is divided by 144?
21
What is the remainder when 428 is divided by 43?
41
Calculate the remainder when 146 is divided by 5.
1
Calculate the remainder when 213 is divided by 34.
9
Calculate the remainder when 646 is divided by 24.
22
Calculate the remainder when 85 is divided by 5.
0
Calculate the remainder when 59 is divided by 15.
14
What is the remainder when 418 is divided by 14?
12
What is the remainder when 329 is divided by 42?
35
What is the remainder when 486 is divided by 63?
45
Calculate the remainder when 190 is divided by 157.
33
What is the remainder when 517 is divided by 14?
13
Calculate the remainder when 750 is divided by 190.
180
Calculate the remainder when 1741 is divided by 39.
25
What is the remainder when 542 is divided by 55?
47
What is the remainder when 83 is divided by 32?
19
Calculate the remainder when 6453 is divided by 2148.
9
What is the remainder when 128 is divided by 34?
26
What is the remainder when 45 is divided by 13?
6
Calculate the remainder when 1917 is divided by 635.
12
Calculate the remainder when 269 is divided by 16.
13
What is the remainder when 326 is divided by 100?
26
Calculate the remainder when 470 is divided by 11.
8
Calculate the remainder when 2766 is divided by 279.
255
What is the remainder when 90 is divided by 45?
0
What is the remainder when 188 is divided by 51?
35
What is the remainder when 23183 is divided by 14?
13
What is the remainder when 1137 is divided by 38?
35
What is the remainder when 789 is divided by 263?
0
Calculate the remainder when 5747 is divided by 46.
43
Calculate the remainder when 78 is divided by 11.
1
Calculate the remainder when 318 is divided by 12.
6
What is the remainder when 217 is divided by 200?
17
Calculate the remainder when 1142 is divided by 44.
42
What is the remainder when 1031 is divided by 23?
19
Calculate the remainder when 1293 is divided by 58.
17
What is the remainder when 248 is divided by 109?
30
What is the remainder when 114 is divided by 69?
45
What is the remainder when 671 is divided by 32?
31
What is the remainder when 992 is divided by 246?
8
Calculate the remainder when 175 is divided by 90.
85
Calculate the remainder when 1449 is divided by 21.
0
Calculate the remainder when 1295 is divided by 1287.
8
What is the remainder when 529 is divided by 133?
130
What is the remainder when 3596 is divided by 33?
32
Calculate the remainder when 343 is divided by 65.
18
Calculate the remainder when 5455 is divided by 188.
3
What is the remainder when 52 is divided by 28?
24
What is the remainder when 360 is divided by 62?
50
What is the remainder when 111 is divided by 29?
24
What is the remainder when 975 is divided by 299?
78
Calculate the remainder when 223 is divided by 194.
29
Calculate the remainder when 1891 is divided by 18.
1
What is the remainder when 195 is divided by 22?
19
Calculate the remainder when 477 is divided by 80.
77
Calculate the remainder when 14 is divided by 11.
3
What is the remainder when 471 is divided by 79?
76
Calculate the remainder when 388 is divided by 15.
13
What is the remainder when 9557 is divided by 79?
77
What is the remainder when 21 is divided by 1?
0
Calculate the remainder when 857 is divided by 205.
37
What is the remainder when 472 is divided by 34?
30
Calculate the remainder when 45 is divided by 28.
17
Calculate the remainder when 271 is divided by 20.
11
Calculate the remainder when 466 is divided by 229.
8
What is the remainder when 431 is divided by 62?
59
Calculate the remainder when 14563 is divided by 15.
13
Calculate the remainder when 3769 is divided by 92.
89
Calculate the remainder when 60 is divided by 13.
8
Calculate the remainder when 2760 is divided by 96.
72
Calculate the remainder when 843 is divided by 47.
44
What is the remainder when 242 is divided by 132?
110
Calculate the remainder when 176 is divided by 54.
14
Calculate the remainder when 14037 is divided by 54.
51
What is the remainder when 9 is divided by 4?
1
Calculate the remainder when 122 is divided by 48.
26
Calculate the remainder when 3 is divided by 3.
0
What is the remainder when 282 is divided by 151?
131
What is the remainder when 47 is divided by 3?
2
What is the remainder when 178 is divided by 15?
13
What is the remainder when 2111 is divided by 32?
31
Calculate the remainder when 192 is divided by 33.
27
What is the remainder when 544 is divided by 138?
130
Calculate the remainder when 314 is divided by 53.
49
Calculate the remainder when 22013 is divided by 43.
40
Calculate the remainder when 503 is divided by 164.
11
What is the remainder when 65 is divided by 44?
21
Calculate the remainder when 5 is divided by 4.
1
What is the remainder when 5178 is divided by 27?
21
What is the remainder when 6191 is divided by 72?
71
What is th